- 5*d + 4. Let p be w(5). Suppose p*t + i - 38 = -i, -15 = 5*i. Let a = -10 + t. Let f(o) = -2*o**2 + o. What is f(a)?
-1
Let c(n) = n**2 - 10*n + 9. Let q be c(9). Let y(s) = -s**3 - s + 6. Determine y(q).
6
Suppose 0 = 5*i - 8 - 7. Let s(b) = -b**2 + 0 - 4 - 5 + 12 + b + 3*b. Determine s(i).
6
Let o = 0 + 0. Let u(k) = -6*k - 15732243 + 15732250 + 5*k. What is u(o)?
7
Let h(u) = -u**3 - 7*u**2 - 4*u + 4. Let d be ((-75)/(-4))/(-3) - 10/(-40). Give h(d).
-8
Let o = 2 - -1. Let j be ((-1)/o)/(4/(-12)). Let s(a) be the first derivative of -5*a**3/3 - a - 3. Determine s(j).
-6
Let z(r) = -r**2 - 2*r + 1. Let n(w) = 2*w**2 + 13*w + 10. Let m(i) = -n(i) - 3*z(i). Calculate m(9).
5
Let o = 218 - 194. Suppose -o*m + 22*m = -4. Let u(y) be the second derivative of y**5/20 - y**4/3 + y**3/3 - 3*y**2/2 + y. What is u(m)?
-7
Suppose -4*m + 13 = 3*l, -5*m + 5*l - 4 = 6. Let x(z) = -z**2 - z. What is x(m)?
-2
Let s(k) = 4*k - 1. Let o = -137 - -110. Let n be (1 - 0)*o/9 + 1. What is s(n)?
-9
Let s(d) = -d + 4. Let c(j) = j**2 - 14*j + 12. Let b be c(13). Let h be (42/12)/(b/(-2)). Let m be s(h). Let k(z) = -z**3 - 3*z**2 - 2*z - 3. Give k(m).
3
Let j(h) = h**2 + 4*h - 2. Let c(k) = -4*k - 9. Let p be c(-1). What is j(p)?
3
Let y = -434 + 434. Let r(k) be the third derivative of 0 + y*k**4 - 1/60*k**5 + 0*k + 2*k**2 - 1/2*k**3. Calculate r(0).
-3
Suppose 5*k = -4*d - 6, k - d - 3 = 3. Let c(i) = -6 - k - i**2 + 9 - 3 - 6*i. Give c(-5).
3
Suppose 0 = -5*u + j + 8, u + 2*j - 4 + 9 = 0. Let c(g) = 4*g**2 - 10*g - 5. Let b(i) = -i**2 + i. Let f(o) = u*c(o) + 5*b(o). Determine f(-4).
-1
Suppose 0 = -4*b + t - 8, 6*t = 2*t - 16. Let k(y) = -7*y - 12. Let n(x) = 8*x + 13. Let p(w) = 7*k(w) + 6*n(w). Give p(b).
-3
Let o(l) = l**3 + 5*l**2 + l - 2. Let v = 1030 + -1033. Calculate o(v).
13
Let m(p) be the first derivative of -3/2*p**2 + p - 11. What is m(2)?
-5
Let d(f) = -f + 10. Suppose 7*w - 144 = -41*w. What is d(w)?
7
Let t(l) be the third derivative of l**6/30 + l**5/60 - l**4/8 + l**3/3 + l**2 - 384. What is t(2)?
32
Let t(w) be the first derivative of w**3/3 - 9*w**2/2 + 10*w + 1. Let c = 56 + -54. Suppose 4*i - 32 = -0*i + 2*g, -g = c. Give t(i).
-4
Let c(k) = -k - 3. Suppose 0 = -x + 5 - 0. Suppose -x = o + 1. Give c(o).
3
Let i(v) = v**3 + 4*v**2 + 3 + 11 - 8 - 2*v - 2 - 8*v**2. Suppose 13 = 5*t - 7. Calculate i(t).
-4
Let l(s) = 19*s + 43*s**2 + 19 - 10*s - 42*s**2 - 13. Let v(q) = -q - 2. Let u be v(5). What is l(u)?
-8
Let x(q) = -10*q + 57. Let s be x(6). Let d(w) = -4*w**2 - 2*w + 1. Determine d(s).
-29
Let i(s) = -14*s - 7. Let m(v) = 15*v + 8. Let b(l) = 7*i(l) + 6*m(l). Determine b(-2).
15
Let d(p) = 7*p - 1. Let q = -100 - -102. Calculate d(q).
13
Let f(h) = 6 + 5*h + 3*h**2 - 2*h**2 + 0*h**2. Suppose 175*k + 15*k = -760. What is f(k)?
2
Suppose 0 = w + 2*w - 3. Suppose 5 = -h + w. Let c(l) be the third derivative of l**6/120 + l**5/12 + 7*l**4/24 + 2*l**3/3 - 13*l**2. Calculate c(h).
-8
Let g(b) be the third derivative of b**5/60 + b**4/24 + b**3/3 + 15*b**2. Suppose -8 = 5*n - 4*a, n + a + a = 4. Let u be (2 - 3 - 1) + n. Determine g(u).
4
Let z(q) = 4*q**3 - q**2 + 5*q - 5. Let c(v) = v**3 + v**2 - 1. Let p(b) = -3*c(b) + z(b). Determine p(3).
4
Let a(h) = -4*h**3 - h**2. Let q = 30 - 24. Suppose 5*l - v + q*v - 15 = 0, -5*l + 9 = 2*v. Calculate a(l).
-5
Let b = -75 + 24. Let l = -45 - b. Let p(t) = -t - 8. Give p(l).
-14
Let d be 0/(-5) + 60/3. Let a = -18 + d. Let c(x) = 4*x**3 + 2*x**3 - 7*x**2 - 10 - 7*x + a - 7*x**3. Determine c(-6).
-2
Let f(k) = 4*k - 19. Let b be (-3075)/(-525) + 1/7. Determine f(b).
5
Let t(o) = o**3 - 6*o**2 + 6*o - 5. Let b = -34 - -55. Suppose b*q - 26*q = -25. What is t(q)?
0
Let x(c) = -2*c - 38. Let k = -654 - -637. Determine x(k).
-4
Suppose 0*c = c - 3. Suppose 0 = -4*i - 0*i + 4*w - 16, c*i = w - 6. Let n(l) be the third derivative of -l**5/60 - l**4/24 - l**3/6 + l**2. Give n(i).
-1
Let h(o) = o**2 - 9*o - 4. Suppose 2*j - 2 - 18 = -3*d, j + 55 = 5*d. Determine h(d).
6
Let v(z) = -z - 14. Let t be 12/(-8)*((-10)/6 - 3). Suppose 5*u + l = -45, u - 4*l = -t*l - 23. Give v(u).
-6
Let w(z) = 2*z + 9. Let j = 100 + -105. Determine w(j).
-1
Let t be ((-24)/84)/(1/7). Let q(s) = -s**3 + 3*s + 3. Let u be q(t). Let j(k) = -k**3 + 4*k**2 + 6*k + 2. What is j(u)?
7
Let n(p) = 12*p + 1. Let z be 0 + 37 - 6/2. Let b = z - 33. Calculate n(b).
13
Let q be (2/3)/(4/36). Let w = q + -4. Let b(k) = 189 - 2*k**2 + 183 - 374. Determine b(w).
-10
Let w(h) = 2*h - 1. Suppose -7*y = -13*y + 48. Let k(p) = 4*p - 33. Let f be k(y). Calculate w(f).
-3
Let m(g) = -4*g + g - 9*g**2 - 2*g - 1 + 3*g. Let o = 271 + -272. What is m(o)?
-8
Let j(v) be the second derivative of v**7/840 + v**6/120 - v**5/30 + v**4/24 + 19*v**3/6 - 24*v. Let a(h) be the second derivative of j(h). What is a(-3)?
13
Let q(x) be the second derivative of 7*x - x**2 + 0 + 1/12*x**4 - 1/6*x**3. Give q(0).
-2
Suppose -1 = -4*h + 3*h, 1170 = 4*v + 2*h. Let y be 4/((-112)/v) + (-6)/(-14). Let d(n) = n**2 + 11*n + 10. What is d(y)?
0
Let t(l) = -l. Let o be t(1). Let h(f) = -12 + 16 - 5 - 8*f**2. Calculate h(o).
-9
Let l(d) = d**2 - 15*d + 9. Suppose 0 = 14*i - 262 + 52. Calculate l(i).
9
Let x(i) = 4*i**2. Let y be x(1). Let n(v) = 2 + y*v - 6*v + 5*v. Suppose -5 + 13 = 4*w. Give n(w).
8
Let j(m) = 3*m - 1. Let g(t) = t**2 + 4*t - 6. Let y be g(-5). Let n be 3*1 - (-2 - y). Give j(n).
11
Let f be 0 + 8 + (-3 - 0). Let v(u) = 3*u - 7. Determine v(f).
8
Let a(y) = -2*y**2 - 30*y - 55. Let g be a(-2). Let z(t) = t**3 + 5. Calculate z(g).
-22
Let i be 1 + (-8)/4 + 3. Let u(f) be the third derivative of f**5/24 - f**4/8 - f**3/6 + f**2. Let d(j) be the first derivative of u(j). Determine d(i).
7
Let b(i) be the first derivative of -i**6/120 + 7*i**5/60 - i**4/4 + 3*i**2/2 - i - 33. Let x(k) be the second derivative of b(k). What is x(6)?
0
Let n(a) be the second derivative of a**4/12 + 5*a**3/6 - 5*a**2/2 + 49*a. Give n(-5).
-5
Let z(n) be the third derivative of -n**7/1680 - n**6/180 + n**5/60 + 4*n**2. Let q(j) be the third derivative of z(j). Give q(3).
-13
Suppose -7*b + 9*b = 4. Suppose -b*s + 8 = -0. Let g be (s/12)/((-3)/63). Let h(k) = k**2 + 7*k + 4. Give h(g).
4
Let f(x) = 5*x - 5. Let o be f(8). Let r = o - 21. Let a(d) = -4*d + 5 + 13*d**2 - r*d**2 - 2. Calculate a(-5).
-2
Let x(g) = -g**2 - 1. Let q(h) = -h**3 - 2*h**2 - h - 1. Let k(r) = -q(r) + x(r). Determine k(-2).
-6
Let q(f) = 4*f + 10*f + 3*f - f**2 - 2 - 11*f. Calculate q(6).
-2
Let q(b) = 20*b - 19. Let n be q(3). Let i = -45 + n. Let v(d) = -d**2 - 4*d + 5. Determine v(i).
5
Let j(t) = t**2 - 2*t - 130. Let u be j(0). Let g = u + 136. Let c(k) = -k**2 + 5*k - 9. Give c(g).
-15
Let q(o) = -3 - 2*o - 3*o**2 + o + o**3 - o. Let r(n) = 8*n - 1. Let p be r(0). Let x be 5 + p + 0/3. Calculate q(x).
5
Let h = 18 - 25. Let q(t) be the third derivative of t**4/12 + 5*t**3/3 - 118*t**2. Give q(h).
-4
Let g(h) = -3*h**2 - h**2 - h**3 - 71*h + 4 + 75*h. Suppose 21*a = 20*a + 22. Let x = 17 - a. What is g(x)?
9
Let q(w) be the second derivative of w**3/6 - 9*w**2/2 - 209*w. Calculate q(-10).
-19
Let i be (-2)/4 + (-3)/(12/(-14)). Let g(v) = v**2 - 2*v + 4. What is g(i)?
7
Let s(h) = -h**3 - h**2 + h - 5. Let o(j) = -j + 20. Let x be o(0). Suppose 4*a - 3*d - 59 = 0, -2*a = -5*d - x - 13. Let z be (0 - 0)*7/a. What is s(z)?
-5
Let m(v) = -4*v**3 - 4*v - 3. Let n(y) = -4*y**3 - 3*y - 2. Let o(t) = -3*m(t) + 4*n(t). Let l = 78 - 69. Suppose -4*c + l*c = -5. Determine o(c).
5
Let p(k) = k**3 - 2*k**2 - 3*k. Let s be p(3). Suppose v + 5*v - 30 = s. Let x(g) = -g**2 + 3*g + 2. Calculate x(v).
-8
Let u(g) = -g**3 + g - 1. Suppose 38*o - 3 = 35*o. Determine u(o).
-1
Let f(h) = -h**2 + 4*h + 3. Let a(k) = -k**2 + 4*k + 3. Let o be (0 - 7)*(0 + -4 + 5). Let r(c) = o*f(c) + 6*a(c). Calculate r(6).
9
Let i(h) = h - 5. Let f be ((-16)/(-10))/(6/30). Suppose -d = -f*d. Calculate i(d).
-5
Let w(k) be the second derivative of k**4/12 - 2*k**3/3 + 3*k**2 + 153*k. Determine w(4).
6
Let z(a) = 1794*a - 2 - 1792*a - 6*a**3 + 2. Give z(-2).
44
Let u = 26 - 15. Suppose -4*j - 5*c = -6*c - 3, 3*c = 2*j + u. Suppose -3*r - 5*f = 2 - 7, -4 = j*f. Let d(w) = -w. What is d(r)?
-5
Let m = -9 - -14. Let t(o) = -7*o**2 - 4 - 3*o + 6*o**2